{"id":33976,"date":"2025-12-11T07:15:18","date_gmt":"2025-12-11T07:15:18","guid":{"rendered":"https:\/\/www.yard.global\/event\/wie-resilient-sind-deutschland-und-europa\/"},"modified":"2026-02-06T23:58:06","modified_gmt":"2026-02-06T23:58:06","slug":"wie-resilient-sind-deutschland-und-europa","status":"publish","type":"event","link":"https:\/\/www.yard.global\/event\/wie-resilient-sind-deutschland-und-europa\/","title":{"rendered":"Wie resilient sind Deutschland und Europa?"},"content":{"rendered":"","protected":false},"featured_media":63161,"template":"","class_list":["post-33976","event","type-event","status-publish","has-post-thumbnail","hentry"],"yoast_head":"<!-- This site is optimized with the Yoast SEO plugin v27.4 - https:\/\/yoast.com\/product\/yoast-seo-wordpress\/ -->\n<title>Wie resilient sind Deutschland und Europa? - YARD<\/title>\n<meta name=\"robots\" content=\"index, follow, max-snippet:-1, max-image-preview:large, max-video-preview:-1\" \/>\n<link rel=\"canonical\" href=\"https:\/\/www.yard.global\/event\/wie-resilient-sind-deutschland-und-europa\/\" \/>\n<script type=\"application\/ld+json\" class=\"yoast-schema-graph\">{\"@context\":\"https:\\\/\\\/schema.org\",\"@graph\":[{\"@type\":\"WebPage\",\"@id\":\"https:\\\/\\\/www.yard.global\\\/event\\\/wie-resilient-sind-deutschland-und-europa\\\/\",\"url\":\"https:\\\/\\\/www.yard.global\\\/event\\\/wie-resilient-sind-deutschland-und-europa\\\/\",\"name\":\"Wie resilient sind Deutschland und Europa? - YARD\",\"isPartOf\":{\"@id\":\"https:\\\/\\\/www.yard.global\\\/#website\"},\"primaryImageOfPage\":{\"@id\":\"https:\\\/\\\/www.yard.global\\\/event\\\/wie-resilient-sind-deutschland-und-europa\\\/#primaryimage\"},\"image\":{\"@id\":\"https:\\\/\\\/www.yard.global\\\/event\\\/wie-resilient-sind-deutschland-und-europa\\\/#primaryimage\"},\"thumbnailUrl\":\"https:\\\/\\\/www.yard.global\\\/wp-content\\\/uploads\\\/2025\\\/12\\\/wie-resilient-sind-deutschland-und-europa-erreichen-wir-technologiefuhrerschaft-im-bereich-quantencomputer-und-konnen-wir-beim-einsatz-kunstlicher-intelligenz-mithalten-30611.jpg\",\"datePublished\":\"2025-12-11T07:15:18+00:00\",\"dateModified\":\"2026-02-06T23:58:06+00:00\",\"breadcrumb\":{\"@id\":\"https:\\\/\\\/www.yard.global\\\/event\\\/wie-resilient-sind-deutschland-und-europa\\\/#breadcrumb\"},\"inLanguage\":\"en-US\",\"potentialAction\":[{\"@type\":\"ReadAction\",\"target\":[\"https:\\\/\\\/www.yard.global\\\/event\\\/wie-resilient-sind-deutschland-und-europa\\\/\"]}]},{\"@type\":\"ImageObject\",\"inLanguage\":\"en-US\",\"@id\":\"https:\\\/\\\/www.yard.global\\\/event\\\/wie-resilient-sind-deutschland-und-europa\\\/#primaryimage\",\"url\":\"https:\\\/\\\/www.yard.global\\\/wp-content\\\/uploads\\\/2025\\\/12\\\/wie-resilient-sind-deutschland-und-europa-erreichen-wir-technologiefuhrerschaft-im-bereich-quantencomputer-und-konnen-wir-beim-einsatz-kunstlicher-intelligenz-mithalten-30611.jpg\",\"contentUrl\":\"https:\\\/\\\/www.yard.global\\\/wp-content\\\/uploads\\\/2025\\\/12\\\/wie-resilient-sind-deutschland-und-europa-erreichen-wir-technologiefuhrerschaft-im-bereich-quantencomputer-und-konnen-wir-beim-einsatz-kunstlicher-intelligenz-mithalten-30611.jpg\",\"width\":2000,\"height\":1500,\"caption\":\"Erreichen wir Technologief\u00fchrerschaft im Bereich Quantencomputer und k\u00f6nnen wir beim Einsatz k\u00fcnstlicher Intelligenz mithalten?\"},{\"@type\":\"BreadcrumbList\",\"@id\":\"https:\\\/\\\/www.yard.global\\\/event\\\/wie-resilient-sind-deutschland-und-europa\\\/#breadcrumb\",\"itemListElement\":[{\"@type\":\"ListItem\",\"position\":1,\"name\":\"Home\",\"item\":\"https:\\\/\\\/www.yard.global\\\/\"},{\"@type\":\"ListItem\",\"position\":2,\"name\":\"Events\",\"item\":\"https:\\\/\\\/www.yard.global\\\/event\\\/\"},{\"@type\":\"ListItem\",\"position\":3,\"name\":\"Wie resilient sind Deutschland und Europa?\"}]},{\"@type\":\"WebSite\",\"@id\":\"https:\\\/\\\/www.yard.global\\\/#website\",\"url\":\"https:\\\/\\\/www.yard.global\\\/\",\"name\":\"YARD\",\"description\":\"Connecting You Across Silos\",\"publisher\":{\"@id\":\"https:\\\/\\\/www.yard.global\\\/#organization\"},\"potentialAction\":[{\"@type\":\"SearchAction\",\"target\":{\"@type\":\"EntryPoint\",\"urlTemplate\":\"https:\\\/\\\/www.yard.global\\\/?s={search_term_string}\"},\"query-input\":{\"@type\":\"PropertyValueSpecification\",\"valueRequired\":true,\"valueName\":\"search_term_string\"}}],\"inLanguage\":\"en-US\"},{\"@type\":\"Organization\",\"@id\":\"https:\\\/\\\/www.yard.global\\\/#organization\",\"name\":\"YARD\",\"url\":\"https:\\\/\\\/www.yard.global\\\/\",\"logo\":{\"@type\":\"ImageObject\",\"inLanguage\":\"en-US\",\"@id\":\"https:\\\/\\\/www.yard.global\\\/#\\\/schema\\\/logo\\\/image\\\/\",\"url\":\"https:\\\/\\\/www.yard.global\\\/wp-content\\\/uploads\\\/2025\\\/02\\\/cropped-yard-icon.png\",\"contentUrl\":\"https:\\\/\\\/www.yard.global\\\/wp-content\\\/uploads\\\/2025\\\/02\\\/cropped-yard-icon.png\",\"width\":512,\"height\":512,\"caption\":\"YARD\"},\"image\":{\"@id\":\"https:\\\/\\\/www.yard.global\\\/#\\\/schema\\\/logo\\\/image\\\/\"},\"sameAs\":[\"https:\\\/\\\/x.com\\\/yard_events\",\"https:\\\/\\\/www.linkedin.com\\\/company\\\/yard-events\\\/\"]}]}<\/script>\n<!-- \/ Yoast SEO plugin. -->","yoast_head_json":{"title":"Wie resilient sind Deutschland und Europa? - YARD","robots":{"index":"index","follow":"follow","max-snippet":"max-snippet:-1","max-image-preview":"max-image-preview:large","max-video-preview":"max-video-preview:-1"},"canonical":"https:\/\/www.yard.global\/event\/wie-resilient-sind-deutschland-und-europa\/","schema":{"@context":"https:\/\/schema.org","@graph":[{"@type":"WebPage","@id":"https:\/\/www.yard.global\/event\/wie-resilient-sind-deutschland-und-europa\/","url":"https:\/\/www.yard.global\/event\/wie-resilient-sind-deutschland-und-europa\/","name":"Wie resilient sind Deutschland und Europa? - YARD","isPartOf":{"@id":"https:\/\/www.yard.global\/#website"},"primaryImageOfPage":{"@id":"https:\/\/www.yard.global\/event\/wie-resilient-sind-deutschland-und-europa\/#primaryimage"},"image":{"@id":"https:\/\/www.yard.global\/event\/wie-resilient-sind-deutschland-und-europa\/#primaryimage"},"thumbnailUrl":"https:\/\/www.yard.global\/wp-content\/uploads\/2025\/12\/wie-resilient-sind-deutschland-und-europa-erreichen-wir-technologiefuhrerschaft-im-bereich-quantencomputer-und-konnen-wir-beim-einsatz-kunstlicher-intelligenz-mithalten-30611.jpg","datePublished":"2025-12-11T07:15:18+00:00","dateModified":"2026-02-06T23:58:06+00:00","breadcrumb":{"@id":"https:\/\/www.yard.global\/event\/wie-resilient-sind-deutschland-und-europa\/#breadcrumb"},"inLanguage":"en-US","potentialAction":[{"@type":"ReadAction","target":["https:\/\/www.yard.global\/event\/wie-resilient-sind-deutschland-und-europa\/"]}]},{"@type":"ImageObject","inLanguage":"en-US","@id":"https:\/\/www.yard.global\/event\/wie-resilient-sind-deutschland-und-europa\/#primaryimage","url":"https:\/\/www.yard.global\/wp-content\/uploads\/2025\/12\/wie-resilient-sind-deutschland-und-europa-erreichen-wir-technologiefuhrerschaft-im-bereich-quantencomputer-und-konnen-wir-beim-einsatz-kunstlicher-intelligenz-mithalten-30611.jpg","contentUrl":"https:\/\/www.yard.global\/wp-content\/uploads\/2025\/12\/wie-resilient-sind-deutschland-und-europa-erreichen-wir-technologiefuhrerschaft-im-bereich-quantencomputer-und-konnen-wir-beim-einsatz-kunstlicher-intelligenz-mithalten-30611.jpg","width":2000,"height":1500,"caption":"Erreichen wir Technologief\u00fchrerschaft im Bereich Quantencomputer und k\u00f6nnen wir beim Einsatz k\u00fcnstlicher Intelligenz mithalten?"},{"@type":"BreadcrumbList","@id":"https:\/\/www.yard.global\/event\/wie-resilient-sind-deutschland-und-europa\/#breadcrumb","itemListElement":[{"@type":"ListItem","position":1,"name":"Home","item":"https:\/\/www.yard.global\/"},{"@type":"ListItem","position":2,"name":"Events","item":"https:\/\/www.yard.global\/event\/"},{"@type":"ListItem","position":3,"name":"Wie resilient sind Deutschland und Europa?"}]},{"@type":"WebSite","@id":"https:\/\/www.yard.global\/#website","url":"https:\/\/www.yard.global\/","name":"YARD","description":"Connecting You Across Silos","publisher":{"@id":"https:\/\/www.yard.global\/#organization"},"potentialAction":[{"@type":"SearchAction","target":{"@type":"EntryPoint","urlTemplate":"https:\/\/www.yard.global\/?s={search_term_string}"},"query-input":{"@type":"PropertyValueSpecification","valueRequired":true,"valueName":"search_term_string"}}],"inLanguage":"en-US"},{"@type":"Organization","@id":"https:\/\/www.yard.global\/#organization","name":"YARD","url":"https:\/\/www.yard.global\/","logo":{"@type":"ImageObject","inLanguage":"en-US","@id":"https:\/\/www.yard.global\/#\/schema\/logo\/image\/","url":"https:\/\/www.yard.global\/wp-content\/uploads\/2025\/02\/cropped-yard-icon.png","contentUrl":"https:\/\/www.yard.global\/wp-content\/uploads\/2025\/02\/cropped-yard-icon.png","width":512,"height":512,"caption":"YARD"},"image":{"@id":"https:\/\/www.yard.global\/#\/schema\/logo\/image\/"},"sameAs":["https:\/\/x.com\/yard_events","https:\/\/www.linkedin.com\/company\/yard-events\/"]}]}},"_links":{"self":[{"href":"https:\/\/www.yard.global\/api\/wp\/v2\/event\/33976","targetHints":{"allow":["GET"]}}],"collection":[{"href":"https:\/\/www.yard.global\/api\/wp\/v2\/event"}],"about":[{"href":"https:\/\/www.yard.global\/api\/wp\/v2\/types\/event"}],"version-history":[{"count":1,"href":"https:\/\/www.yard.global\/api\/wp\/v2\/event\/33976\/revisions"}],"predecessor-version":[{"id":33977,"href":"https:\/\/www.yard.global\/api\/wp\/v2\/event\/33976\/revisions\/33977"}],"wp:featuredmedia":[{"embeddable":true,"href":"https:\/\/www.yard.global\/api\/wp\/v2\/media\/63161"}],"wp:attachment":[{"href":"https:\/\/www.yard.global\/api\/wp\/v2\/media?parent=33976"}],"curies":[{"name":"wp","href":"https:\/\/api.w.org\/{rel}","templated":true}]}}

<!-- This site is optimized with the Yoast SEO plugin v27.4 - https://yoast.com/product/yoast-seo-wordpress/ -->
<title>Wie resilient sind Deutschland und Europa? - YARD</title>
<meta name="robots" content="index, follow, max-snippet:-1, max-image-preview:large, max-video-preview:-1" />
<link rel="canonical" href="https://www.yard.global/event/wie-resilient-sind-deutschland-und-europa/" />
<script type="application/ld+json" class="yoast-schema-graph">{"@context":"https:\/\/schema.org","@graph":[{"@type":"WebPage","@id":"https:\/\/www.yard.global\/event\/wie-resilient-sind-deutschland-und-europa\/","url":"https:\/\/www.yard.global\/event\/wie-resilient-sind-deutschland-und-europa\/","name":"Wie resilient sind Deutschland und Europa? - YARD","isPartOf":{"@id":"https:\/\/www.yard.global\/#website"},"primaryImageOfPage":{"@id":"https:\/\/www.yard.global\/event\/wie-resilient-sind-deutschland-und-europa\/#primaryimage"},"image":{"@id":"https:\/\/www.yard.global\/event\/wie-resilient-sind-deutschland-und-europa\/#primaryimage"},"thumbnailUrl":"https:\/\/www.yard.global\/wp-content\/uploads\/2025\/12\/wie-resilient-sind-deutschland-und-europa-erreichen-wir-technologiefuhrerschaft-im-bereich-quantencomputer-und-konnen-wir-beim-einsatz-kunstlicher-intelligenz-mithalten-30611.jpg","datePublished":"2025-12-11T07:15:18+00:00","dateModified":"2026-02-06T23:58:06+00:00","breadcrumb":{"@id":"https:\/\/www.yard.global\/event\/wie-resilient-sind-deutschland-und-europa\/#breadcrumb"},"inLanguage":"en-US","potentialAction":[{"@type":"ReadAction","target":["https:\/\/www.yard.global\/event\/wie-resilient-sind-deutschland-und-europa\/"]}]},{"@type":"ImageObject","inLanguage":"en-US","@id":"https:\/\/www.yard.global\/event\/wie-resilient-sind-deutschland-und-europa\/#primaryimage","url":"https:\/\/www.yard.global\/wp-content\/uploads\/2025\/12\/wie-resilient-sind-deutschland-und-europa-erreichen-wir-technologiefuhrerschaft-im-bereich-quantencomputer-und-konnen-wir-beim-einsatz-kunstlicher-intelligenz-mithalten-30611.jpg","contentUrl":"https:\/\/www.yard.global\/wp-content\/uploads\/2025\/12\/wie-resilient-sind-deutschland-und-europa-erreichen-wir-technologiefuhrerschaft-im-bereich-quantencomputer-und-konnen-wir-beim-einsatz-kunstlicher-intelligenz-mithalten-30611.jpg","width":2000,"height":1500,"caption":"Erreichen wir Technologieführerschaft im Bereich Quantencomputer und können wir beim Einsatz künstlicher Intelligenz mithalten?"},{"@type":"BreadcrumbList","@id":"https:\/\/www.yard.global\/event\/wie-resilient-sind-deutschland-und-europa\/#breadcrumb","itemListElement":[{"@type":"ListItem","position":1,"name":"Home","item":"https:\/\/www.yard.global\/"},{"@type":"ListItem","position":2,"name":"Events","item":"https:\/\/www.yard.global\/event\/"},{"@type":"ListItem","position":3,"name":"Wie resilient sind Deutschland und Europa?"}]},{"@type":"WebSite","@id":"https:\/\/www.yard.global\/#website","url":"https:\/\/www.yard.global\/","name":"YARD","description":"Connecting You Across Silos","publisher":{"@id":"https:\/\/www.yard.global\/#organization"},"potentialAction":[{"@type":"SearchAction","target":{"@type":"EntryPoint","urlTemplate":"https:\/\/www.yard.global\/?s={search_term_string}"},"query-input":{"@type":"PropertyValueSpecification","valueRequired":true,"valueName":"search_term_string"}}],"inLanguage":"en-US"},{"@type":"Organization","@id":"https:\/\/www.yard.global\/#organization","name":"YARD","url":"https:\/\/www.yard.global\/","logo":{"@type":"ImageObject","inLanguage":"en-US","@id":"https:\/\/www.yard.global\/#\/schema\/logo\/image\/","url":"https:\/\/www.yard.global\/wp-content\/uploads\/2025\/02\/cropped-yard-icon.png","contentUrl":"https:\/\/www.yard.global\/wp-content\/uploads\/2025\/02\/cropped-yard-icon.png","width":512,"height":512,"caption":"YARD"},"image":{"@id":"https:\/\/www.yard.global\/#\/schema\/logo\/image\/"},"sameAs":["https:\/\/x.com\/yard_events","https:\/\/www.linkedin.com\/company\/yard-events\/"]}]}</script>
<!-- / Yoast SEO plugin. -->

Erreichen wir Technologieführerschaft im Bereich Quantencomputer und können wir beim Einsatz künstlicher Intelligenz mithalten?
